) = -8*c**2 - 28*c + 28. Determine j(1).
-8
Let c(w) = -w**2 + 45*w + 594. Calculate c(58).
-160
Let q(r) = -r**3 + 33*r**2 + 37*r + 16. Calculate q(34).
118
Let f(p) = -p**2 - 427*p + 22798. Determine f(48).
-2
Let t(a) = -6*a - 100. Calculate t(-34).
104
Let y(s) = -15*s**2 - 152*s - 30. Calculate y(-10).
-10
Let r(u) = u**3 - 7*u**2 - 17*u + 60. Give r(9).
69
Let j(q) = 1374*q + 8216. Determine j(-6).
-28
Let k(d) = -48*d - 377. Determine k(-7).
-41
Let c(s) = -2*s**2 + 190*s - 930. Calculate c(5).
-30
Let j(d) = -2*d**3 - 23*d - 23. Determine j(-1).
2
Let o(c) = 3*c**2 + 43*c + 33. Calculate o(-1).
-7
Let f(b) = -52*b + 9. Determine f(0).
9
Let g(d) = -3*d**2 - 22*d - 52. Determine g(-6).
-28
Let v(f) = 7*f**2 + 25*f + 24. Calculate v(-8).
272
Let j(a) = 58*a - 132. What is j(5)?
158
Let u(p) = -11*p + 111. Give u(-14).
265
Let j(y) = -y**2 - 4*y + 14. Calculate j(-11).
-63
Let i(u) = u**3 + 18*u**2 - 15*u + 21. What is i(-19)?
-55
Let k(x) = 7*x**3 + 6*x**2 + 40*x - 45. Give k(1).
8
Let q(w) = 1182*w + 206843. Give q(-175).
-7
Let q(m) = 59*m + 28. Give q(-4).
-208
Let b(i) = -20*i**2 + 422*i - 54. What is b(21)?
-12
Let x(s) = -s**3 - 24*s**2 + 68*s + 1047. What is x(-25)?
-28
Let d(m) = -9*m**3 - m**2 - m - 1. Determine d(-1).
8
Let w(i) = i - 115. Give w(-3).
-118
Let c(q) = -187*q**2 + q + 12. Determine c(-2).
-738
Let p(j) = -5*j**2 - 403*j - 938. What is p(-78)?
76
Let u(w) = -173*w - 1365. What is u(-8)?
19
Let f(c) = -244*c + 636. Calculate f(2).
148
Let k(n) = n**2 + 62*n - 2432. Give k(-91).
207
Let c(o) = o**2 + 107*o + 2606. Give c(-38).
-16
Let k(x) = -142*x - 114. Give k(2).
-398
Let f(n) = n**3 + 193*n**2 + 3150*n - 4. Determine f(-175).
-4
Let a(c) = -c**3 + 21*c**2 - 51*c + 221. What is a(19)?
-26
Let t(m) = -55*m - 654. Give t(-5).
-379
Let d(s) = -s**2 + 14*s - 28. What is d(11)?
5
Let o(t) = -843*t - 41300. What is o(-49)?
7
Let h(o) = -o**3 + 37*o**2 + 127*o - 1898. Calculate h(39).
13
Let z(h) = -2465*h + 194729. Give z(79).
-6
Let k(f) = f**3 + 8*f**2 - 8*f - 54. Calculate k(-8).
10
Let b(v) = -8*v**3 + 4*v**2 - 9*v - 22. Give b(-4).
590
Let x(y) = -66*y + 1978. What is x(30)?
-2
Let h(d) = -9*d**2 - 553*d - 554. Determine h(-1).
-10
Let q(b) = 3*b**3 - 3*b**2 - 12*b - 30. What is q(6)?
438
Let r(p) = -p**3 + 40*p**2 - 42*p + 114. Calculate r(39).
-3
Let i(f) = 15*f**2 - 484*f + 2401. Give i(5).
356
Let n(h) = h**2 + 30*h + 723. Determine n(-33).
822
Let z(d) = 114*d - 8312. Give z(73).
10
Let r(x) = -x**3 + 121*x**2 - 118*x - 259. Determine r(120).
-19
Let r(u) = u**3 - 14*u**2 + 3*u - 4. Calculate r(14).
38
Let c(w) = 6*w**2 - 33*w - 61. Determine c(8).
59
Let z(v) = -v**3 + 21*v**2 + 40*v - 365. Give z(22).
31
Let v(t) = t**2 + 102*t - 4470. What is v(33)?
-15
Let g(m) = 6*m**3 - 127*m**2 + 15*m + 157. Calculate g(21).
31
Let p(u) = 56*u + 391. Calculate p(-3).
223
Let n(s) = -26*s + 1929. Determine n(75).
-21
Let s(x) = -13*x + 385. Calculate s(33).
-44
Let g(z) = 3*z**2 + 313*z + 1211. Calculate g(-4).
7
Let y(x) = -x**3 + 20*x**2 - 11*x + 215. Determine y(20).
-5
Let u(z) = -331*z**3 - 2*z**2 - 2*z + 3. Determine u(1).
-332
Let b(w) = -174*w + 118. Determine b(1).
-56
Let p(k) = -59*k - 370. Determine p(-6).
-16
Let d(p) = -32*p + 5063. Give d(158).
7
Let w(i) = -867*i - 857. Give w(-1).
10
Let h(f) = -326*f + 1015. Determine h(3).
37
Let r(q) = -22031*q - 132185. Calculate r(-6).
1
Let o(n) = -2986*n - 11968. What is o(-4)?
-24
Let s(y) = 35*y**2 + 138*y + 24. Calculate s(-7).
773
Let z(o) = 100*o - 4163. Give z(42).
37
Let z(v) = -v**3 - 28*v**2 + 69*v + 53. Determine z(-30).
-217
Let m(q) = -q**2 + 48*q + 3272. What is m(86)?
4
Let b(h) = -2*h**3 - 145*h**2 + 63*h - 759. What is b(-73)?
-29
Let z(p) = -3*p**3 + 25*p**2 + 6*p + 31. Determine z(8).
143
Let s(f) = -f**3 - 18*f**2 + 37*f + 56. What is s(-20)?
116
Let l(f) = -2*f**3 - 40*f**2 + 13*f + 297. What is l(-20)?
37
Let t(h) = h**2 - 24220*h - 121128. What is t(-5)?
-3
Let c(q) = q**2 - 49*q + 92. Determine c(44).
-128
Let y(q) = -21*q + 130. Give y(7).
-17
Let l(h) = 11*h**2 + 2*h - 1. What is l(1)?
12
Let r(y) = 7*y - 183. What is r(29)?
20
Let g(c) = c**3 - 75*c**2 + 855*c + 7. What is g(14)?
21
Let y(w) = w**3 + 37*w**2 - 301*w - 53. Determine y(7).
-4
Let h(t) = t**3 - 163*t**2 + 1690*t - 2738. Give h(152).
-2
Let c(a) = -126*a - 1158. Determine c(-9).
-24
Let t(q) = -6*q**2 - 14*q + 746. Determine t(10).
6
Let v(a) = 79*a + 1096. Give v(-17).
-247
Let d(w) = 383*w**2 + 3053*w - 96. What is d(-8)?
-8
Let d(a) = a**3 + 12*a**2 + 5*a - 8. Give d(-11).
58
Let l(v) = v**3 - 24*v**2 - 49*v - 35. Give l(26).
43
Let f(z) = -z**3 + 193*z**2 - 948*z + 1487. Give f(188).
-17
Let v(h) = -40*h + 142. Calculate v(5).
-58
Let b(i) = -5*i**3 - 229*i**2 - 98*i - 6615. What is b(-46)?
9
Let g(q) = -22*q**2 + 42*q + 364. Determine g(5).
24
Let f(t) = -t**3 + 10*t**2 + 140*t - 1. What is f(-8)?
31
Let p(o) = -o**3 - 17*o**2 + 43*o + 90. What is p(-19)?
-5
Let b(y) = -2*y**3 + 4*y**2 + 6*y + 3. Determine b(4).
-37
Let k(i) = -445*i + 273. What is k(1)?
-172
Let f(c) = 16*c**3 - 134*c**2 + 43*c + 37. Calculate f(8).
-3
Let g(v) = v**3 + 31*v**2 - 39*v - 1208. What is g(-31)?
1
Let f(u) = -2*u**3 - 36*u**2 - 50*u - 38. Calculate f(-17).
234
Let u(y) = 14*y**3 - y**2 - 3*y - 2. Calculate u(-1).
-14
Let q(k) = -5*k**2 - 26*k - 2. Give q(3).
-125
Let i(d) = d**3 - 8*d**2 + 22*d - 37. Calculate i(3).
-16
Let t(q) = 3*q**2 + 88*q + 874. Calculate t(-22).
390
Let m(j) = 5*j**2 - 674*j + 2661. Calculate m(4).
45
Let a(t) = -t**2 + 8*t + 64. Determine a(13).
-1
Let b(z) = 3*z**2 - 56*z - 200. What is b(23)?
99
Let h(z) = z**3 - 8*z**2 - z - 72. Give h(9).
0
Let c(q) = q**2 + 7*q - 174. Give c(0).
-174
Let f(w) = 4*w**3 + 16*w**2 - 16*w. Calculate f(1).
4
Let a(k) = -3*k**2 + 2568*k - 7696. What is a(3)?
-19
Let u(n) = -n**3 + n**2 + 27*n - 55. What is u(4)?
5
Let o(s) = s**2 - 4*s - 2570. Calculate o(-49).
27
Let i(s) = -33*s**2 + 89*s + 12. Give i(3).
-18
Let d(c) = 2*c**3 + 12*c**2 + 2*c - 41. What is d(-8)?
-313
Let k(m) = -m**3 + 7*m**2 + 95*m - 414. Determine k(4).
14
Let f(z) = 261*z - 1301. Determine f(5).
4
Let h(u) = -109*u - 145. What is h(-3)?
182
Let l(f) = -35*f**3 - 2*f**2 - 2. Give l(2).
-290
Let h(r) = r**3 - 264*r**2 + 10537*r - 97. What is h(49)?
1
Let z(q) = -q**3 - 16*q**2 + 17*q + 474. What is z(-15)?
-6
Let l(o) = 2*o**3 - 16*o**2 - 35*o + 274. Calculate l(7).
-69
Let n(r) = -r**3 + 73*r**2 - 211*r + 93. Calculate n(70).
23
Let t(s) = 3*s**3 - 16*s**2 + 7*s - 138. Give t(6).
-24
Let o(u) = 119*u + 75. Determine o(-2).
-163
Let g(d) = -20*d + 395. What is g(19)?
15
Let p(z) = 2*z**3 - 277*z**2 + 163*z - 3443. Determine p(138).
7
Let j(r) = -9*r**3 + 2*r**2 + 5*r + 14. Calculate j(-2).
84
Let h(m) = 20*m**3 - 2*m**2 - 2*m + 5. Give h(3).
521
Let a(o) = 11*o**2 + 196*o - 8. Give a(-17).
-161
Let r(c) = -13*c + 35. Determine r(0).
35
Let w(s) = -s**2 - 167*s - 4820. Calculate w(-37).
-10
Let i(o) = o**3 - 23*o**2 + 11*o + 249. What is i(22)?
7
Let f(b) = -39*b - 845. Calculate f(-24).
91
Let t(p) = 15*p**3 - 2*p**2 + 3*p - 2. Calculate t(-3).
-434
Let s(b) = b**2 + 39*b + 267. What is s(-30)?
-3
Let q(l) = -l**3 + 22*l**2 + 24*l - 20. Calculate q(23).
3
Let b(j) = -19*j**2 + 95*j + 261. Give b(7).
-5
Let q(d) = -149*d + 1494. Calculate q(10).
4
Let q(h) = 15*h - 1775. Give q(120).
25
Let o(q) = 4*q**3 - 207*q**2 - 52*q + 6. Give o(52).
6
Let r(d) = d**2 - 6*d - 233. What is r(14)?
-121
Let d(o) = -565*o - 3934. Calculate d(-7).
21
Let y(w) = -w**3 - 14*w**2 - w - 41. Determine y(-14).
-27
Let f(v) = v**3 + 11*v**2 + 20*v - 28. Calculate f(-8).
4
Let s(o) = -1126*o + 15776. Determine s(14).
12
Let u(t) = 417*t - 2065. What is u(5)?
20
Let q(n) = -37*n**2 + 11*n. Determine q(-1).
-48
Let i(h) = -4*h**3 - 13*h**2 + 2*h + 45. What is i(-6)?
429
Let z(i) = -2861*i - 5752. Give z(-2).
-30
Let v(j) = j**3 + 3*j**2 - 173*j + 211. Determine v(-15).
106
Let g(c) = -644*c - 3850. What is g(-6)?
14
Let a(k) = -27*k + 21. Give a(-2).
75
Let u(a) = a**3 + 12*a**2 + 6*a - 169. Calculate u(-13).
-416
Let d(r) = 27*r - 346. Calculate d(13).
5
Let s(l) = 51*l - 53. What is s(3)?
100
Let k(w) = 9*w**2 - 99*w + 23. Calculate k(11).
23
Let f(v) = -1972*v + 63099. What is f(32